Suppose 0 = 56*l - 137*l + 58*l + 692047. What is the tens digit of l?
8
Let r(d) = -21*d + 0*d**3 + 2*d**3 - 10*d**2 + 32*d - 6. What is the units digit of r(7)?
7
Let b = -5988 + 10628. Suppose -21*s + 16*s + b = 5*x, 2*x - 1838 = 4*s. What is the units digit of x?
5
Suppose -2*o - 5*j = -30909, 37*o - 2*j + 30900 = 39*o. What is the units digit of o?
7
Let b(t) = t**3 + 12*t**2 - 26*t + 30. Let x be b(-14). Suppose -2*i - 32 = -x*q, 5*i - 2*i - 36 = -q. What is the tens digit of q?
2
Suppose 32489 = 4*k - 19299. What is the ten thousands digit of k?
1
Let z(d) = -11*d + 58. Let t be z(6). Let g(i) = -i - 7. Let h be g(t). What is the tens digit of 86 + (-12)/3 - h?
8
Let w = 65 - 59. Suppose 4*q = -w*q + 4410. What is the units digit of q?
1
Let c(v) be the second derivative of v**4/12 + 11*v**3/3 + 55*v**2/2 - 31*v. Let l be c(-17). Let o = 56 + l. What is the tens digit of o?
2
Suppose 5*n = 234 - 4. Let c = 95 - n. Let g = c - -4. What is the units digit of g?
3
Suppose -b + 11647 = -o, -4*b + 104*o - 99*o + 46586 = 0. What is the units digit of b?
9
Suppose -5*u = 6*y - 216595, -57198 - 29448 = -2*u - 4*y. What is the hundreds digit of u?
3
Let y = 7206 - 4500. Suppose -y - 1954 = -10*n. Suppose l - 166 - 1 = -4*i, -5*i + n = 3*l. What is the hundreds digit of l?
1
Suppose -a + 2*o = -0*a - 28, -100 = -3*a + 2*o. Let p be (-516)/(-10)*(a - 31). What is the units digit of (15/(-2))/(-5)*p/9?
3
Suppose -100*t + 1014006 + 593107 = 306913. What is the ten thousands digit of t?
1
Suppose 3*y - 14 = 1. Suppose y*b - 1 = -4*f - 13, -f - 16 = -2*b. What is the units digit of (-6)/(-4)*((-3680)/15)/f?
6
Suppose 5*h + 5*c - 5 = 0, 6*h - 2*h - 10 = -c. Suppose 823*a = 830*a - 7. What is the tens digit of 218/3 + a/h?
7
Let p be ((-24)/(-10))/(96/2080). Suppose -p*v = -61*v + 4644. What is the tens digit of v?
1
Let a(p) = -13*p - 101. Let x be a(-8). What is the tens digit of (3 - 6)/x - 100/(-5)?
1
Suppose -252705 = -20*v + 1152146 - 127491. What is the tens digit of v?
6
Suppose 0 = -10*i + 8*i - 60. Let x = i + -9. Let s = 70 + x. What is the tens digit of s?
3
Let i(s) = 5125*s + 429. What is the units digit of i(3)?
4
Suppose 5*n + 3 = p, n + 39 = -4*p + 4*n. Let v(b) = -4*b + 97. What is the units digit of v(p)?
5
Let w(n) = 75*n**2 - 4*n - 12. Let i(z) = -z**3 - 19*z**2 + 3*z + 62. Let c be i(-19). What is the hundreds digit of w(c)?
8
Suppose 3*q + q - 14 = -2*i, 1 = 2*q - i. Let n be (15 + -3)*(-3)/(-6). What is the units digit of 6/q + (n - (-1 + -1))?
1
Let b(r) = 354*r**2 - 405*r + 1214. What is the tens digit of b(3)?
8
Let j be -1 + (3725/(-5))/(-5). Let b = 155 + j. Suppose -i + 359 = 3*p, 0 = -3*p + 3*i + b + 60. What is the hundreds digit of p?
1
Let g = -48736 + 71823. What is the units digit of g?
7
Suppose -803 = -6*w - 1061. Suppose -10 = -4*b - 2. What is the tens digit of w/(b/6*-7 + 2)?
2
Suppose b - 223*y + 219*y - 32131 = 0, 160802 = 5*b + y. What is the hundreds digit of b?
1
What is the thousands digit of (-1186 - -554)*(1 - (0/2 - -23))?
3
Suppose -4*s = s + 15, 3*f + s - 738 = 0. Let d = 1002 - f. What is the tens digit of d?
5
Let g(h) = 26*h**3 + 6*h**2 - 2*h - 25*h**3 + 3*h - 9. Let s be g(-6). What is the tens digit of (41 + 0)*(-5)/s*3?
4
Suppose -4*q + 2*q - 2 = 4*o, -4*q + o = 22. Let z be 348 + (0 - 20/q). Suppose 0 = 2*g + 2*g - z. What is the units digit of g?
8
Let l(c) = 15*c + 592. What is the hundreds digit of l(86)?
8
Suppose -22*q + 27*q - 5 = 0. Suppose 9*m - 10 + q = 0. What is the tens digit of 272/16 - (5 - m)?
1
Let h = -2361 + 3611. Let f = h + -549. What is the units digit of f?
1
Let g = 34985 - 32488. What is the units digit of g?
7
What is the tens digit of (7/2 - 1)/(5454709/(-126854) - -43)?
9
Let z(d) = -d**2 - d. Let b(x) = -4*x**3 + 5*x**2 - 7*x - 2. Let y(t) = b(t) + 4*z(t). What is the units digit of y(-5)?
8
Suppose 4 = -3*r + 10. Let f(k) = -5 + 3*k**3 - k**r + 3 + k**2. What is the tens digit of f(2)?
2
Let s(t) = -2*t**2 + 33*t - 34. Let y be s(14). Let c be (27/y)/(1/(-4))*1. What is the units digit of c + 10/(-15)*-381?
1
Let j(s) = -2*s**3 + 48*s**2 - 14*s + 51. Let z be j(20). Suppose z = 2*d - 3*c, 3*c - 1549 = -d - 77. What is the tens digit of d?
8
Let w(x) = 7*x - 19. Let n(l) = -15*l + 38. Let v(c) = 3*n(c) + 5*w(c). Let d = 12 - 18. What is the units digit of v(d)?
9
Suppose 83*t - 86*t = -2877. Suppose -2*r = -3*r. Suppose a - 8*a + t = r. What is the units digit of a?
7
Let g(y) = 18*y**2 + 20*y + 19. Let o be 2/3 - 207/27. What is the hundreds digit of g(o)?
7
Let c be 16/(-2) - (-127 - -120). Suppose 101 = 2*a + 2*a - 3*y, 10 = 2*y. Let x = a + c. What is the tens digit of x?
2
What is the ten thousands digit of 1280510/90 - 2/(-18)?
1
Suppose 0 = -31*f + 8516 + 6860. Let q = -449 + f. What is the tens digit of q?
4
Let s(o) = -o**3 + 28*o**2 - 21*o - 67. Let f be s(27). Let u(r) = -4*r + 4. Let t be u(10). Let j = f + t. What is the units digit of j?
9
Let u(h) = 2*h**3 + 25*h**2 - 18*h - 25. Let k be u(-13). Suppose 2*o = k - 10. What is the tens digit of o?
1
Suppose -2*a - 2*a + 8 = 0. Suppose a*r + 942 = 5*r. What is the hundreds digit of r?
3
Let o(z) = -8869*z**2 - 11*z - 19. Let v be o(-3). What is the tens digit of (-4)/(-14) - (v/49 + -4)?
3
Suppose v + 9 = 4*s, 2*v = 4*v + 2. Suppose -126 = -4*r + 142. Suppose 25 = a + 3*f, s*f - r = -2*a - 21. What is the tens digit of a?
2
Let o(q) = -q + 1. Let h(z) = -7*z + 10. Let b(j) = h(j) + o(j). Let c(u) = -16*u + 23. Let r(g) = 13*b(g) - 6*c(g). What is the units digit of r(-4)?
7
Let t be (-43)/(-1) - (-2 - -8). Suppose -t*p = -28*p - 2736. What is the units digit of p?
4
Let p(g) = 8*g - 29. Let z(r) be the third derivative of -r**4/3 + 5*r**3 - 17*r**2. Let s(v) = 3*p(v) + 2*z(v). What is the tens digit of s(6)?
2
Let x = -5889 + 10201. What is the thousands digit of x?
4
Let c(d) = 315*d + 400. What is the hundreds digit of c(11)?
8
Let l(c) = 35*c**2 + c + 3. Suppose -6*q + 4*q + 6 = 4*n, 5*n = 0. What is the units digit of l(q)?
1
Let l(m) = m**3 - 23*m**2 + 34*m - 21. Suppose -13*n = -192 - 107. What is the units digit of l(n)?
1
Suppose 86*t - 83*t - 3*o - 21786 = 0, o = -3. What is the units digit of t?
9
Let l = 52 + -50. Let j be -47*10*(-1)/l. Suppose -4*b + 3*d + j = 0, -b + 2*d = -5*b + 210. What is the tens digit of b?
5
Let a be 2515*(-126)/(-105)*1/3. Suppose a = 2*x - 5*f, -4 = f - 0. What is the hundreds digit of x?
4
Let r(f) be the second derivative of -7/3*f**3 + 7*f**2 + 0 - 24*f - 1/12*f**4. What is the units digit of r(-14)?
4
Let g(j) = -j**3 - 7*j**2 - 5*j - 7. Let z be 4/((4/(-6))/1). Let f be g(z). Let q(d) = d**3 + 14*d**2 + 12*d - 11. What is the units digit of q(f)?
2
Suppose -57*k - l - 118 = -62*k, 5*l = 5*k - 130. Suppose 9*w = k*w - 23296. What is the thousands digit of w?
1
Suppose -17*x = 43*x - 2068151 + 474491. What is the hundreds digit of x?
5
Let t(f) = 8*f**2 + 2*f - 13. Let z be t(-11). Suppose 3*o + z = 4*d + 78, -208 = -d - 5*o. What is the hundreds digit of d?
2
Suppose -3*a - 780 + 3156 = 4*l, 5*l + 5*a = 2965. Let f = l - -23. Suppose 5*z + 0*v - 1022 = v, 4*v = 3*z - f. What is the hundreds digit of z?
2
Let z be (21/28)/(3/32). Let w(k) = 8*k**2 - 4*k - 46. What is the hundreds digit of w(z)?
4
Suppose 0 = 138*o - 140*o - 8, 11983 = 3*z + 2*o. What is the thousands digit of z?
3
Let m(d) = -d**3 - d**2 - 2*d + 2. Let f(h) = 9*h**3 - 2*h**2 + 15*h + 3. Let p(u) = f(u) + 5*m(u). What is the tens digit of p(7)?
7
Let o(v) = -3964*v - 3. Let p be o(-1). Suppose 510 = -29*k + p. What is the hundreds digit of k?
1
Suppose 31*s + 2425294 = 125*s. What is the thousands digit of s?
5
Let p = 60 - 57. Suppose y + p*s + 112 = 0, y = -2*y + s - 326. Let h = y + 251. What is the units digit of h?
2
Let d = 60908 + -22167. What is the units digit of d?
1
Let g = -13 + 64. Suppose g*d = 58*d - 413. What is the tens digit of d?
5
Suppose 974*k = 963*k + 63613. What is the thousands digit of k?
5
Suppose 18*j = 14*j. Suppose j = 15*x - 3136 - 3899. What is the tens digit of x?
6
Let y(u) = u**3 + 10*u**2 - 39*u + 1. Let q be y(-13). Let c(z) = 341*z**2 + 5*z - 4. What is the hundreds digit of c(q)?
3
Let r(y) = 1344*y + 39609. What is the ten thousands digit of r(0)?
3
Supp